- -1) + (3/(-1))/1. Suppose 3*c + 347 = 2*r, 4*r - 3*c + 4*c = o. What is the hundreds digit of r?
1
What is the tens digit of -8*(751/(-8) + (-3)/24)?
5
Suppose -5*r = -7*r - 38. Let s = 99 - r. What is the hundreds digit of s?
1
Suppose -4*k = 4*c + 336, -c - 404 = 5*k - 0*c. Suppose -3*o + 15 = 186. Let j = o - k. What is the tens digit of j?
2
Let l be 4/(-7) - -1*106/14. Suppose 3*a = 4*z - 52, -3*a + 36 = 2*z - l*a. What is the units digit of z?
0
Let u be 40/(-6)*252/(-105). Suppose 13*k + 681 = u*k. What is the units digit of k?
7
Let h(z) = -z**2 - 7*z + 266. Let i be h(-20). Let u = -215 + 329. Suppose i*r = -0*r + u. What is the units digit of r?
9
What is the hundreds digit of (48909/28)/17*16/6?
2
Let b(t) = 2*t**2 - 23*t - 3. Let z be b(6). Let p = z + 82. What is the tens digit of p?
1
Let d = 141 + 713. What is the tens digit of d?
5
Suppose 160 = 3*u - 254. Suppose a = -5*a + u. What is the units digit of a?
3
Let x(w) = -w**2 - 8*w. Let y be x(-8). Suppose -2*i = 6 - y. Let t(z) = -5*z - 3. What is the tens digit of t(i)?
1
Let x(z) be the second derivative of -1/12*z**4 + 0 + 11/10*z**5 - 1/6*z**3 - 11*z + 1/2*z**2. What is the tens digit of x(1)?
2
Let s be (-24)/84 + ((-86)/(-7) - 0). What is the tens digit of (2 + s/(-3))/((-18)/279)?
3
Let k(v) be the first derivative of -1/4*v**4 + 5/2*v**2 - 5/3*v**3 + 0*v - 3. What is the units digit of k(-6)?
6
Suppose 17*h - 33*h = -768. What is the tens digit of h?
4
Let z(m) = m**2 + 5*m + 4. Let a be z(-4). Suppose 5*p - 830 = -5*i, -94 = 3*i - 88. Suppose a = -c + 4*c - p. What is the tens digit of c?
5
Let c = 363 + -344. What is the tens digit of c?
1
Let f(l) = -57*l + 122. What is the hundreds digit of f(-4)?
3
Suppose 2*x - 4 = 2. Let s = -510 + 526. What is the units digit of x/(-4) + 556/s?
4
Suppose -55*d = -70*d + 2145. What is the tens digit of d?
4
Suppose 2*h + 173 = 5*q - 336, 2*h - q + 513 = 0. Let r = -134 - h. What is the tens digit of r?
2
What is the tens digit of (2 + 4/(-4))*1814 - 2?
1
Let g = -6 - 3. What is the tens digit of 14/63 - 466/g?
5
Let u(x) = 8*x + 40. What is the units digit of u(3)?
4
Suppose -4*a + 6 - 6 = 0. Suppose a = -u - 9 + 35. What is the tens digit of u?
2
Let k be -66 - (-16)/(-12)*-3. Let w = k + 32. What is the units digit of w*3*4/(-24)?
5
Let f(v) = v**3 - 10*v**2 - 22*v + 21. Let y be f(12). Suppose 4*x = 5*m + 67, -2*m + 2*x + 3*x - 20 = 0. What is the units digit of (24/m)/((-2)/y)?
6
Let d be 2 + (-2 - (4/(-4) + -2)). Suppose -4*i + 948 = -4*o, 5*i + d*o - 20 - 1149 = 0. What is the hundreds digit of i?
2
Suppose 0 = -17*y + 10*y + 2667. Let v = y + -159. What is the units digit of v?
2
Let k(x) = -7*x + 24. Let n(i) = 36*i - 119. Let o(z) = -11*k(z) - 2*n(z). What is the tens digit of o(11)?
2
Suppose -8*u - 7*u + 10125 = 0. What is the hundreds digit of u?
6
Let l = 19 + -22. What is the units digit of (-4 + (-68)/(-12))/((-1)/l)?
5
Let m(v) = -21*v + 2. Let q be m(3). Let a = q + 156. What is the units digit of a?
5
Let m(s) = -s**2 + 6*s - 7. Let u be m(10). Let k = 23 + u. Let q = 35 + k. What is the tens digit of q?
1
Let y(b) = -2*b**2 + b + 1223. What is the tens digit of y(0)?
2
Let z(f) = f**3 + 11*f**2 + 10*f. Let a be z(-9). Let w = 173 - a. What is the tens digit of w?
0
Suppose -4*m - 4*t - 156 = 0, 0 = 6*m - 2*m - t + 146. Let k = -19 - m. Suppose k*y = 14*y + 208. What is the units digit of y?
2
Let l(a) = -a**3 - 5*a**2 - 3*a + 8. Let b be l(-3). What is the tens digit of (-2 - b)*(5 + -2 - 24)?
2
Let u = -52 - -28. What is the units digit of (-6)/u + (-6)/(-8)?
1
Let o = 1100 + -793. What is the hundreds digit of o?
3
What is the tens digit of -5*5/5 + 129?
2
Let u(l) = -151*l - 336. What is the hundreds digit of u(-18)?
3
Suppose x + c = 2068, 2*x - 9*c + 13*c = 4138. What is the thousands digit of x?
2
Suppose -4*n - z = 976, n + z - 482 = 3*n. Let o = n + 428. What is the units digit of o?
5
Let x be (3/(-9))/((-1)/24). What is the tens digit of x/(-14)*(-539)/14?
2
Let q be ((-4)/8)/((-4)/352). Suppose -5 = -r + 4*u + q, 0 = 2*u + 2. What is the units digit of r?
5
Suppose 0 = 275*j - 262*j - 1625. What is the hundreds digit of j?
1
Let v be 46/14 - (-12)/(-42). Let y(f) = 6*f**2 - 3*f**2 - 4*f**v + f - 2*f**2. What is the units digit of y(-1)?
4
Let i(c) be the second derivative of c**4/12 + 11*c**3/6 + 6*c**2 - 3*c. Let z be i(-10). What is the units digit of 3*z + (-1 - 0)?
5
Suppose -7*s - 6 = -8*s. What is the tens digit of 437/5 - s/15?
8
Let d = -17 - -16. Let k be (d - -2)*21/(-3). Let v(c) = -c**3 - 7*c**2 - 5*c + 8. What is the tens digit of v(k)?
4
Suppose -n + 4 = -11. Suppose 0 = 18*k - n*k - 222. What is the tens digit of k?
7
Suppose -12 = -f - 3. Let g be f/(1 - 4/(-8)). Suppose 4*h + 3*t + 32 = g*h, -h + 2*t + 17 = 0. What is the tens digit of h?
1
Let t be (-6)/(-9) - (-52)/12. Let r(h) = h**3 + h + 4. Let y be r(0). Let i = t + y. What is the units digit of i?
9
Suppose -11*d + 16052 = -14484. What is the hundreds digit of d?
7
Let v = 77 + 209. What is the units digit of v?
6
Let a be (0/2)/(1 - -1). Suppose -5*n + 12*n - 217 = a. What is the units digit of n?
1
Let r(z) = z**2 + 16*z - 13. Let b(p) = 3*p**2 + 33*p - 27. Let d(o) = -2*b(o) + 5*r(o). What is the tens digit of d(9)?
3
Let i be (-4)/10*25/(-5). What is the units digit of (-2436)/(-20) - (i - (-11)/(-5))?
2
Let s(o) = 254*o + 58. What is the tens digit of s(4)?
7
Suppose 2*l + 4 = 16. Suppose l*t - 145 - 125 = 0. Let f = t - 30. What is the units digit of f?
5
Suppose -3*h = -2*j - 8 - 0, 2*h = -3*j + 14. Suppose -3*o - 31 = -h*o. What is the units digit of o?
1
Let p = -265 - -1076. What is the hundreds digit of p?
8
Suppose c = 4*u - 7, 5*u = 2*c - 4 + 9. Suppose 686 = 4*w - 3*t, 0 = u*w - t - 284 - 233. What is the units digit of w?
3
Let k = 115 + -325. Let t = -132 - k. What is the tens digit of t?
7
Let z be (-1*1603/(-14))/(2/4). Suppose -28 = q - z. What is the tens digit of q?
0
What is the units digit of (4 - 7)/((-9)/3696)?
2
Let v(y) = -9*y + 82. Let h be v(18). What is the tens digit of (-72)/21*h + (-2)/7?
7
Let v = 1529 + -1505. What is the tens digit of v?
2
Let k = 5 + -2. Suppose -3*t = 3, k*n - t = -2*t + 185. What is the units digit of n?
2
Let z(h) = -h**3 - h**2 - 8. Suppose -3*t + 0*t = 0. Let w be z(t). What is the tens digit of -4*(-2 - (-36)/w)?
2
Let v = 20 - 19. Let r = v - -8. Suppose -4*j = u - 18, -u - 5*j + r + 8 = 0. What is the tens digit of u?
2
What is the units digit of (-20)/50 - 21244/(-10)?
4
Suppose -111 = -5*k - 96. What is the tens digit of ((-545)/20)/(6/(-8))*k?
0
Let w(c) = -603*c - 2. Let m be w(-1). Suppose -10 = -2*v, 3*v - 220 + m = 3*f. What is the tens digit of f?
3
Suppose 43 = 5*b - 292. Let w = -5 + b. What is the units digit of w?
2
Let i = 2189 - 1149. What is the thousands digit of i?
1
Suppose 3*q = -2*r + 669, -2*q - 134 = -5*r - 580. What is the hundreds digit of q?
2
Suppose 0 = 137*i - 132*i - 230. Let y = i + 20. What is the units digit of y?
6
Let a(l) = l**2 - 3*l**2 - 3*l + 5*l**2 + 2. Let c be 10/(40/(-36)) - -12. What is the tens digit of a(c)?
2
Let i be 4/(-3)*21/(-14). Suppose -6 = -i*f + 4. Suppose -4*j - 2*w + 84 = 16, 5*j - 95 = -f*w. What is the units digit of j?
5
Let f be (4/(-6))/(12/(-36)). Suppose 0 = -5*r + 3*m - 486, -3*r - 4*m - 302 = -22. What is the units digit of r/(-5) - f/10?
9
Suppose 5*q = 5*i - 4*i - 24, -q = -i + 8. Let z(y) = -12*y + 6. Let b be z(q). Suppose -18 = -l - 0*u - 2*u, 0 = -3*l - 2*u + b. What is the tens digit of l?
1
Let h = 35 + -8. Let m(v) = v**2 + 15*v - 31. Let x be m(-17). Let r = h + x. What is the units digit of r?
0
Let z(s) = 13*s**2 + 6*s - 20. What is the hundreds digit of z(6)?
4
Let m be ((-7)/2)/((-3)/30). Suppose -h = -3*h + 4*q + 142, 4*h - q - 270 = 0. Let u = h - m. What is the units digit of u?
2
Let q be 30/9*(-2)/((-4)/6). Let m(v) = 9*v + 25. What is the tens digit of m(q)?
1
Suppose 24 = 3*k + 3*k. Let d be (-3)/(k - 1)*-121. Let b = -64 + d. What is the units digit of b?
7
Let o(n) = n**2 - 11*n + 7. Suppose -5*i - 10 = -i - 2*v, 0 = 3*i - 4*v. Let s be 22/(i*(-4)/8). What is the units digit of o(s)?
7
Let q be ((-12)/16*2)/(9/12). What is the units digit of q/9 + (-155)/(-9)?
7
Let n(x)